 the remainder when 441 is divided by 143?
12
Calculate the remainder when 386 is divided by 68.
46
Calculate the remainder when 307 is divided by 159.
148
What is the remainder when 125 is divided by 22?
15
Calculate the remainder when 578 is divided by 53.
48
Calculate the remainder when 6385 is divided by 68.
61
Calculate the remainder when 51 is divided by 7.
2
Calculate the remainder when 508 is divided by 196.
116
What is the remainder when 467 is divided by 224?
19
What is the remainder when 226 is divided by 22?
6
What is the remainder when 1041 is divided by 333?
42
What is the remainder when 377 is divided by 118?
23
What is the remainder when 1934 is divided by 638?
20
What is the remainder when 710 is divided by 31?
28
What is the remainder when 111 is divided by 58?
53
What is the remainder when 609 is divided by 244?
121
Calculate the remainder when 214 is divided by 54.
52
What is the remainder when 1646 is divided by 29?
22
Calculate the remainder when 289 is divided by 15.
4
What is the remainder when 593 is divided by 11?
10
What is the remainder when 897 is divided by 186?
153
Calculate the remainder when 493 is divided by 87.
58
What is the remainder when 311 is divided by 23?
12
What is the remainder when 155 is divided by 6?
5
Calculate the remainder when 606 is divided by 165.
111
Calculate the remainder when 5067 is divided by 28.
27
Calculate the remainder when 334 is divided by 27.
10
Calculate the remainder when 7662 is divided by 79.
78
What is the remainder when 446 is divided by 32?
30
What is the remainder when 384 is divided by 373?
11
What is the remainder when 89 is divided by 15?
14
Calculate the remainder when 304 is divided by 78.
70
Calculate the remainder when 341 is divided by 50.
41
What is the remainder when 338 is divided by 260?
78
What is the remainder when 1933 is divided by 55?
8
What is the remainder when 2290 is divided by 79?
78
What is the remainder when 276 is divided by 63?
24
Calculate the remainder when 793 is divided by 20.
13
What is the remainder when 65 is divided by 25?
15
What is the remainder when 64 is divided by 27?
10
What is the remainder when 346 is divided by 44?
38
Calculate the remainder when 72 is divided by 22.
6
Calculate the remainder when 72 is divided by 57.
15
What is the remainder when 22 is divided by 13?
9
Calculate the remainder when 733 is divided by 79.
22
What is the remainder when 5062 is divided by 34?
30
Calculate the remainder when 6259 is divided by 58.
53
Calculate the remainder when 349 is divided by 162.
25
What is the remainder when 801 is divided by 74?
61
Calculate the remainder when 69 is divided by 58.
11
Calculate the remainder when 11 is divided by 3.
2
What is the remainder when 418 is divided by 12?
10
Calculate the remainder when 106 is divided by 61.
45
What is the remainder when 414 is divided by 303?
111
Calculate the remainder when 11566 is divided by 13.
9
What is the remainder when 801 is divided by 82?
63
Calculate the remainder when 237 is divided by 82.
73
What is the remainder when 327 is divided by 22?
19
Calculate the remainder when 278 is divided by 56.
54
Calculate the remainder when 494 is divided by 107.
66
What is the remainder when 210 is divided by 74?
62
What is the remainder when 159 is divided by 27?
24
Calculate the remainder when 57950 is divided by 141.
140
Calculate the remainder when 190 is divided by 18.
10
What is the remainder when 429 is divided by 36?
33
What is the remainder when 213 is divided by 147?
66
Calculate the remainder when 186 is divided by 17.
16
What is the remainder when 10978 is divided by 46?
30
What is the remainder when 14321 is divided by 33?
32
What is the remainder when 1455 is divided by 122?
113
What is the remainder when 206 is divided by 110?
96
What is the remainder when 267 is divided by 31?
19
Calculate the remainder when 3887 is divided by 16.
15
Calculate the remainder when 307 is divided by 116.
75
Calculate the remainder when 166 is divided by 107.
59
Calculate the remainder when 116 is divided by 33.
17
What is the remainder when 194 is divided by 42?
26
What is the remainder when 606 is divided by 16?
14
Calculate the remainder when 55 is divided by 26.
3
What is the remainder when 11 is divided by 10?
1
What is the remainder when 419 is divided by 3?
2
What is the remainder when 2514 is divided by 74?
72
Calculate the remainder when 1318 is divided by 5.
3
Calculate the remainder when 30 is divided by 8.
6
What is the remainder when 36 is divided by 24?
12
Calculate the remainder when 372 is divided by 9.
3
Calculate the remainder when 322 is divided by 168.
154
Calculate the remainder when 167 is divided by 10.
7
Calculate the remainder when 77 is divided by 52.
25
What is the remainder when 4541 is divided by 142?
139
Calculate the remainder when 9168 is divided by 7.
5
What is the remainder when 286 is divided by 48?
46
What is the remainder when 421 is divided by 15?
1
What is the remainder when 574 is divided by 23?
22
What is the remainder when 61 is divided by 49?
12
Calculate the remainder when 196 is divided by 36.
16
What is the remainder when 56617 is divided by 298?
295
Calculate the remainder when 186 is divided by 13.
4
Calculate the remainder when 1052 is divided by 9.
8
What is the remainder when 1624 is divided by 13?
12
Calculate the remainder when 454 is divided by 222.
10
What is the remainder when 79 is divided by 29?
21
What is the remainder when 456 is divided by 37?
12
Calculate the remainder when 602 is divided by 121.
118
What is the remainder when 462 is divided by 152?
6
What is the remainder when 1272 is divided by 67?
66
Calculate the remainder when 200 is divided by 62.
14
Calculate the remainder when 182 is divided by 8.
6
What is the remainder when 867 is divided by 30?
27
Calculate the remainder when 196 is divided by 17.
9
What is the remainder when 1784 is divided by 119?
118
What is the remainder when 2323 is divided by 2320?
3
Calculate the remainder when 606 is divided by 38.
36
Calculate the remainder when 1338 is divided by 226.
208
Calculate the remainder when 230 is divided by 26.
22
Calculate the remainder when 2174 is divided by 362.
2
What is the remainder when 91 is divided by 21?
7
Calculate the remainder when 53 is divided by 24.
5
What is the remainder when 702 is divided by 183?
153
What is the remainder when 93 is divided by 79?
14
What is the remainder when 28371 is divided by 13?
5
Calculate the remainder when 40 is divided by 12.
4
What is the remainder when 142 is divided by 48?
46
What is the remainder when 899 is divided by 12?
11
What is the remainder when 164 is divided by 61?
42
Calculate the remainder when 808 is divided by 14.
10
Calculate the remainder when 258 is divided by 133.
125
What is the remainder when 1206 is divided by 45?
36
Calculate the remainder when 192 is divided by 25.
17
What is the remainder when 452 is divided by 156?
140
What is the remainder when 90 is divided by 31?
28
Calculate the remainder when 195 is divided by 9.
6
What is the remainder when 3854 is divided by 203?
200
Calculate the remainder when 1326 is divided by 43.
36
Calculate the remainder when 82 is divided by 42.
40
Calculate the remainder when 437 is divided by 201.
35
What is the remainder when 1372 is divided by 25?
22
Calculate the remainder when 51 is divided by 5.
1
Calculate the remainder when 1259 is divided by 30.
29
What is the remainder when 2049 is divided by 146?
5
What is the remainder when 407 is divided by 32?
23
What is the remainder when 1473 is divided by 292?
13
Calculate the remainder when 5565 is divided by 232.
229
What is the remainder when 319 is divided by 47?
37
Calculate the remainder when 790 is divided by 387.
16
What is the remainder when 118 is divided by 9?
1
Calculate the remainder when 2036 is divided by 94.
62
Calculate the remainder when 912 is divided by 454.
4
Calculate the remainder when 116 is divided by 30.
26
Calculate the remainder when 78 is divided by 21.
15
What is the remainder when 1076 is divided by 167?
74
Calculate the remainder when 28 is divided by 18.
10
Calculate the remainder when 1860 is divided by 60.
0
What is the remainder when 1353 is divided by 368?
249
What is